 + -15?
2
In base 10, what is -21743 - -1?
-21742
In base 6, what is -3 - 521?
-524
In base 12, what is 1 - b9?
-b8
In base 4, what is 10 + -31?
-21
In base 8, what is -24151 - -3?
-24146
In base 16, what is 113 - -5?
118
In base 8, what is 11 - -7?
20
In base 2, what is -111110010000 - -11?
-111110001101
In base 9, what is -25 - 38?
-64
In base 9, what is 3 + 64?
67
In base 13, what is -1a2 - 5?
-1a7
In base 2, what is -1001 + -11101?
-100110
In base 14, what is 51 - -7?
58
In base 13, what is -82 + 0?
-82
In base 8, what is -2 - -7?
5
In base 7, what is 464 + 0?
464
In base 10, what is 5 - 1164?
-1159
In base 12, what is -51 - 14?
-65
In base 14, what is 491 + -26?
469
In base 14, what is 131 + 89?
1ba
In base 6, what is 121 - 1?
120
In base 8, what is 7 + 1042?
1051
In base 9, what is -6241 + -2?
-6243
In base 11, what is 8 - 1a7?
-19a
In base 11, what is -1924 - 0?
-1924
In base 8, what is 1462 + 6?
1470
In base 4, what is -323 + -3303?
-10232
In base 13, what is -9 - c?
-18
In base 5, what is 13 - 41?
-23
In base 3, what is 2 + 222101?
222110
In base 2, what is 11000110011111 - -11?
11000110100010
In base 6, what is 51 + 1550?
2041
In base 13, what is 41 + -34?
a
In base 5, what is 113 - 2?
111
In base 5, what is -1113 - -12?
-1101
In base 6, what is 2 - 334?
-332
In base 16, what is 4 + -af?
-ab
In base 8, what is 11 - -322?
333
In base 7, what is -4632 + 1?
-4631
In base 6, what is -3 - -113?
110
In base 10, what is -810 + 0?
-810
In base 9, what is 2 + -2638?
-2636
In base 14, what is 90 + -1?
8d
In base 3, what is -212 - 222?
-1211
In base 11, what is 9 - 19?
-10
In base 16, what is 1f + 1c?
3b
In base 16, what is ca6 + 5?
cab
In base 9, what is 3 + -238?
-235
In base 13, what is -39 + -203?
-23c
In base 5, what is 23042 + -31?
23011
In base 16, what is 31 + 1cb?
1fc
In base 11, what is 12 + 3?
15
In base 14, what is 12c + -3?
129
In base 2, what is 101 + -110010?
-101101
In base 16, what is 616 - -6?
61c
In base 3, what is 2 - -21012?
21021
In base 15, what is b + -130?
-124
In base 12, what is -46 + 4?
-42
In base 13, what is 1 - c63?
-c62
In base 2, what is -1011000011101 - 101?
-1011000100010
In base 13, what is -1c - 63?
-82
In base 14, what is -1 + -a7?
-a8
In base 3, what is 1211 + 1?
1212
In base 8, what is -2310 - 5?
-2315
In base 3, what is -10022 + -11?
-10110
In base 2, what is 1 + 1110000100?
1110000101
In base 16, what is 346 + 0?
346
In base 16, what is 5 - -26c?
271
In base 12, what is 9 - -48?
55
In base 5, what is -1423 - -2?
-1421
In base 11, what is 144 + 4?
148
In base 14, what is 15 + -5a?
-45
In base 12, what is 46 - 17b?
-135
In base 16, what is -3 - -33b?
338
In base 7, what is -3 + -540?
-543
In base 4, what is -212013 + 10?
-212003
In base 3, what is -2011 - 111?
-2122
In base 8, what is 471 - 3?
466
In base 12, what is 18 + 2a?
46
In base 11, what is 8 + -50?
-43
In base 5, what is -110 + -201?
-311
In base 12, what is -ab - -17?
-94
In base 9, what is -200 - 5?
-205
In base 11, what is -91 + 4?
-88
In base 8, what is 1300 - -1?
1301
In base 3, what is -2 - 222?
-1001
In base 9, what is 52 + -7?
44
In base 11, what is 3278 - 1?
3277
In base 15, what is -18d4 + -3?
-18d7
In base 9, what is 2110 + -1?
2108
In base 4, what is -10 + 30020?
30010
In base 7, what is 1 + 2264?
2265
In base 4, what is 3 - 21201?
-21132
In base 14, what is -5 - 129?
-130
In base 12, what is -a9b1 - -2?
-a9ab
In base 8, what is 304 + 4?
310
In base 10, what is -1 + -70?
-71
In base 9, what is 11 + -162?
-151
In base 5, what is -4221 - 1?
-4222
In base 9, what is 2 + -745?
-743
In base 12, what is -4 - 7b?
-83
In base 9, what is -3 + 57?
54
In base 2, what is 10001010110010 + 0?
10001010110010
In base 15, what is 7b + -1a?
61
In base 6, what is -13 + 102?
45
In base 11, what is -3309 - -1?
-3308
In base 11, what is 39 + 4a?
88
In base 13, what is 1 - 15?
-14
In base 8, what is -2 - -4100?
4076
In base 12, what is 222 - -2?
224
In base 8, what is 45 + -2?
43
In base 6, what is 534 + -14?
520
In base 14, what is 22 + -6?
1a
In base 9, what is -1 + 1326?
1325
In base 7, what is 2 - -24?
26
In base 16, what is -6f7 + 3?
-6f4
In base 16, what is -1 + 77?
76
In base 13, what is 4 + -29?
-25
In base 3, what is -210 - 12?
-222
In base 15, what is 224 + 0?
224
In base 5, what is 24 + -213?
-134
In base 7, what is -1035 - -3?
-1032
In base 2, what is -11 - -110001?
101110
In base 13, what is -3 - -109a?
1097
In base 9, what is -12512 + 3?
-12508
In base 14, what is -78 - 2?
-7a
In base 11, what is -132 + 3?
-12a
In base 5, what is 2223 - 13?
2210
In base 7, what is -51 + -143?
-224
In base 3, what is -22021 - 1?
-22022
In base 4, what is -12 - -213?
201
In base 16, what is 2dcf - 1?
2dce
In base 13, what is -8c + -5?
-94
In base 4, what is -1002 + 120?
-222
In base 4, what is 2311321 + 1?
2311322
In base 6, what is -5 + 12?
3
In base 16, what is 3d - 17?
26
In base 4, what is 133130 + -13?
133111
In base 15, what is -16 + -7?
-1d
In base 14, what is -9d + -3?
-a2
In base 9, what is 4517 + -4?
4513
In base 13, what is 826 + -5?
821
In base 13, what is 35 + 1?
36
In base 8, what is 4243 + 0?
4243
In base 4, what is -2 + 2031?
2023
In base 14, what is -842 - -9?
-837
In base 11, what is -5 + -2?
-7
In base 4, what is 2 + 333?
1001
In base 9, what is 3354 - -2?
3356
In base 5, what is 12 + 300?
312
In base 4, what is 1130 + -202?
322
In base 5, what is -24434 + -12?
-30001
In base 8, what is 4 + 57?
63
In base 11, what is 5 + 3427?
3431
In base 6, what is -3 - 25?
-32
In base 5, what is -144204 - 2?
-144211
In base 9, what is 8 - 6?
2
In base 14, what is 18 - -103?
11b
In base 14, what is 2 + -20c?
-20a
In base 6, what is -53 - 4?
-101
In base 8, what is -6 - 5?
-13
In base 2, what is 1 - 1011?
-1010
In base 5, what is 0 - 2040?
-2040
In base 6, what is -141 + 22?
-115
In base 11, what is 3 + 5173?
5176
In base 10, what is 42 + -2?
40
In base 8, what is -732 - -50?
-662
In base 12, what is 127 - 4?
123
In base 11, what is 3 - -8?
10
In base 4, what is -12002 + -2?
-12010
In base 13, what is 4545 - -4?
4549
In base 4, what is -13231 - -10?
-13221
In base 6, what is 0 - 5145?
-5145
In base 15, what is 0 + 468?
468
In base 5, what is -443 - -10?
-433
In base 6, what is 4 - -24241?
24245
In base 14, what is 641 - 1?
640
In base 11, what is 24 + 3?
27
In base 10, what is -103 - -101?
-2
In base 13, what is 1 - 7?
-6
In base 5, what is -113 + -314?
-432
In base 3, what is -10 + -10210121?
-10210201
In base 16, what is -6fd - 2?
-6ff
In base 3, what is 12010 - 112?
11121
In base 3, what is 10 - -10020221?
10021001
In base 6, what is 243 + -1?
242
In base 5, what is 4402 + 4?
4411
In base 4, what is 10203 - 202?
10001
In base 12, what is 17b + -2?
179
In base 12, what is 3 + 2a6?
2a9
In base 16, what is 27 - c?
1b
In base 14, what is -1cd + 4?
-1c9
In base 2, what is 0 - -1000?
1000
In base 4, what is -3103 + -111?
-3220
In base 14, what is 3 + -21?
-1c
In base 15, what is -1d + -133?
-151
In base 6, what is 2 - -215?
221
In base 4, what is 3132310 + 1?
3132311
In base 14, what is ad + -2?
ab
In base 8, what is -26 + 162?
134
In base 2, what is 111111 + 0?
111111
In base 14, what is -5 + 71?
6a
In base 9, what is 31 + 11?
42
In base 4, what is -11 - 232?
-303
In base 10, what is -121 - 0?
-121
In base 8, what is -2554 - 5?
-2561
In base 8, what is 11151 + -5?
11144
In base 11, what is -48 - -9?
-3a
In base 15, what is -35 + 33?
-2
In base 6, what is -533 + -5?
-542
In base 16, what is -14db + 3?
-14d8
In base 12, what is -6a - 12?
-80
In base 15, what is -d + 69?
5b
In base 8, what is -5313 - 5?
-5320
In base 2, what is 10010 - -101000011?
101010101
In base 5, what is 10 - 4?
1
In base 13, what is -2037 + 6?
-2031
In base 10, what is 62 - -1?
63
In base 10, what is -3 + -69?
-72
In base 10, what is -81 + -17?
-98
In base 15, what is 288 - -14?
29c
In base 13, what is cc46 - 4?
cc42
In base 5, what is 3 - 122?
-114
In base 10, what is -409 - 5?
-414
In base 2, what is 0 - -111011011?
111011011
In base 4, what is -120 + 13?
-101
In base 10, what is -524 + 0?
-524
In base 7, what is 26662 + 5?
30000
In base 13, what is -4 + b4?
b0
In base 5, what is 10 - 222?
-212
In base 2, what is -100 - -10100100?
10100000
In base 3, what is 2211 - -220?
10201
In base